{"id":105,"date":"2024-07-12T08:22:58","date_gmt":"2024-07-12T06:22:58","guid":{"rendered":"http:\/\/sisem-pro.com.mx\/?page_id=105"},"modified":"2024-07-12T08:27:15","modified_gmt":"2024-07-12T06:27:15","slug":"nube","status":"publish","type":"page","link":"https:\/\/sisem-pro.com.mx\/index.php\/nube\/","title":{"rendered":"NUBE"},"content":{"rendered":"\n<div class=\"wp-block-cover is-light\" style=\"min-height:215px;aspect-ratio:unset;\"><span aria-hidden=\"true\" class=\"wp-block-cover__background has-background-dim-0 has-background-dim\" style=\"background-color:#689ad5\"><\/span><img loading=\"lazy\" decoding=\"async\" width=\"2560\" height=\"854\" class=\"wp-block-cover__image-background wp-image-106\" alt=\"\" src=\"http:\/\/sisem-pro.com.mx\/wp-content\/uploads\/2024\/07\/qf0enb4s.png\" data-object-fit=\"cover\" srcset=\"https:\/\/sisem-pro.com.mx\/wp-content\/uploads\/2024\/07\/qf0enb4s.png 2560w, https:\/\/sisem-pro.com.mx\/wp-content\/uploads\/2024\/07\/qf0enb4s-600x200.png 600w, https:\/\/sisem-pro.com.mx\/wp-content\/uploads\/2024\/07\/qf0enb4s-300x100.png 300w, https:\/\/sisem-pro.com.mx\/wp-content\/uploads\/2024\/07\/qf0enb4s-1024x342.png 1024w, https:\/\/sisem-pro.com.mx\/wp-content\/uploads\/2024\/07\/qf0enb4s-768x256.png 768w, https:\/\/sisem-pro.com.mx\/wp-content\/uploads\/2024\/07\/qf0enb4s-1536x512.png 1536w, https:\/\/sisem-pro.com.mx\/wp-content\/uploads\/2024\/07\/qf0enb4s-2048x683.png 2048w\" sizes=\"auto, (max-width: 2560px) 100vw, 2560px\" \/><div class=\"wp-block-cover__inner-container is-layout-constrained wp-block-cover-is-layout-constrained\">\n<p class=\"has-text-align-center has-large-font-size\"><\/p>\n<\/div><\/div>\n\n\n\n<h2 class=\"wp-block-heading\">SEGURIDAD EN LA NUBE<\/h2>\n\n\n\n<p>Las plataformas de fabricantes confiables, emplean est\u00e1ndares y protocolos l\u00edderes en la industria para m\u00e1xima seguridad y confiabilidad. Sus sistemas en la nube est\u00e1n encriptados a trav\u00e9s de un c\u00f3digos de verificaci\u00f3n y solo los usuarios verificados pueden acceder y administrar el sistema.<\/p>\n\n\n\n<figure class=\"wp-block-image size-large\"><img loading=\"lazy\" decoding=\"async\" width=\"1024\" height=\"299\" src=\"http:\/\/sisem-pro.com.mx\/wp-content\/uploads\/2024\/07\/40iax89x-1-1024x299.png\" alt=\"\" class=\"wp-image-111\" srcset=\"https:\/\/sisem-pro.com.mx\/wp-content\/uploads\/2024\/07\/40iax89x-1-1024x299.png 1024w, https:\/\/sisem-pro.com.mx\/wp-content\/uploads\/2024\/07\/40iax89x-1-scaled-600x176.png 600w, https:\/\/sisem-pro.com.mx\/wp-content\/uploads\/2024\/07\/40iax89x-1-300x88.png 300w, https:\/\/sisem-pro.com.mx\/wp-content\/uploads\/2024\/07\/40iax89x-1-768x225.png 768w, https:\/\/sisem-pro.com.mx\/wp-content\/uploads\/2024\/07\/40iax89x-1-1536x449.png 1536w, https:\/\/sisem-pro.com.mx\/wp-content\/uploads\/2024\/07\/40iax89x-1-2048x599.png 2048w\" sizes=\"auto, (max-width: 1024px) 100vw, 1024px\" \/><\/figure>\n","protected":false},"excerpt":{"rendered":"<p>SEGURIDAD EN LA NUBE Las plataformas de fabricantes confiables, emplean est\u00e1ndares y protocolos l\u00edderes en la industria para m\u00e1xima seguridad y confiabilidad. Sus sistemas en la nube est\u00e1n encriptados a trav\u00e9s de un c\u00f3digos de verificaci\u00f3n y solo los usuarios verificados pueden acceder y administrar el sistema.<\/p>\n","protected":false},"author":1,"featured_media":0,"parent":0,"menu_order":0,"comment_status":"closed","ping_status":"closed","template":"","meta":{"_uag_custom_page_level_css":"","footnotes":""},"class_list":["post-105","page","type-page","status-publish","hentry"],"uagb_featured_image_src":{"full":false,"thumbnail":false,"medium":false,"medium_large":false,"large":false,"1536x1536":false,"2048x2048":false,"mailpoet_newsletter_max":false,"woocommerce_thumbnail":false,"woocommerce_single":false,"woocommerce_gallery_thumbnail":false},"uagb_author_info":{"display_name":false,"author_link":"https:\/\/sisem-pro.com.mx\/index.php\/author\/sisempro55\/"},"uagb_comment_info":0,"uagb_excerpt":"SEGURIDAD EN LA NUBE Las plataformas de fabricantes confiables, emplean est\u00e1ndares y protocolos l\u00edderes en la industria para m\u00e1xima seguridad y confiabilidad. Sus sistemas en la nube est\u00e1n encriptados a trav\u00e9s de un c\u00f3digos de verificaci\u00f3n y solo los usuarios verificados pueden acceder y administrar el sistema.","_links":{"self":[{"href":"https:\/\/sisem-pro.com.mx\/index.php\/wp-json\/wp\/v2\/pages\/105","targetHints":{"allow":["GET"]}}],"collection":[{"href":"https:\/\/sisem-pro.com.mx\/index.php\/wp-json\/wp\/v2\/pages"}],"about":[{"href":"https:\/\/sisem-pro.com.mx\/index.php\/wp-json\/wp\/v2\/types\/page"}],"author":[{"embeddable":true,"href":"https:\/\/sisem-pro.com.mx\/index.php\/wp-json\/wp\/v2\/users\/1"}],"replies":[{"embeddable":true,"href":"https:\/\/sisem-pro.com.mx\/index.php\/wp-json\/wp\/v2\/comments?post=105"}],"version-history":[{"count":2,"href":"https:\/\/sisem-pro.com.mx\/index.php\/wp-json\/wp\/v2\/pages\/105\/revisions"}],"predecessor-version":[{"id":112,"href":"https:\/\/sisem-pro.com.mx\/index.php\/wp-json\/wp\/v2\/pages\/105\/revisions\/112"}],"wp:attachment":[{"href":"https:\/\/sisem-pro.com.mx\/index.php\/wp-json\/wp\/v2\/media?parent=105"}],"curies":[{"name":"wp","href":"https:\/\/api.w.org\/{rel}","templated":true}]}}